at is the remainder when r(-5) is divided by 88/(-16)*(-2)/4*(58 + -54)?
8
Suppose 0 = o - 22 - 7. Let d be (-3)/(((-32)/(-180))/(-8)). Let m = d - 123. Calculate the remainder when o is divided by m.
5
Let t = 480 + -414. Let y(n) = 8*n - 3. Let s be y(-7). Let o = t + s. Calculate the remainder when 26 is divided by o.
5
Let c(h) = 37*h**2 + h + 2. Let g be 22/(-10) + (-15)/(-75). What is the remainder when c(-2) is divided by 1 - g - (73 - 100)?
28
Let g = -601 - -630. Let l be ((-5)/(-5) - 1)/(-3). What is the remainder when (-164)/(l + (-4)/2) is divided by g?
24
Suppose 0 = -4*o + 18*u - 19*u + 683, -847 = -5*o + u. Calculate the remainder when 442 is divided by o.
102
Suppose -2*g + 3*g - 72 = 0. Suppose 332*p - g = 330*p. Calculate the remainder when 99 is divided by p.
27
Let y(o) = 286*o. Let d be y(1). Suppose -5*b + d = -114. Suppose 5*s - 15*s = -b. What is the remainder when 29 is divided by s?
5
Let t(i) = 21*i - 132. Let n be t(21). Suppose 0 = c - q - n, -2*c + 5*c - 931 = 5*q. What is the remainder when c is divided by 52?
47
Let v be (-5*24/(-100))/(14/595). Suppose 60*l = v*l + 1611. Calculate the remainder when l is divided by 30.
29
Let n(c) = -c**2 + 51*c + 378. Calculate the remainder when 394 is divided by n(-5).
2
Let s(f) = 2*f**3 - 11*f**2 - 50*f + 341. Calculate the remainder when 307 is divided by s(6).
76
Suppose -p + 16 - 9 = 0. Calculate the remainder when -5 + -5 + 4 + 15 is divided by p.
2
Calculate the remainder when 8398 is divided by 1 + 3 - (-76 - 20).
98
Suppose -l = -3*x + 9, 0 = 2*x - 3*l - 10 - 3. Suppose 0 = x*n + 2*n - 16. Suppose 0 = n*v - 27 - 33. What is the remainder when 43 is divided by v?
13
Suppose -14 = l - 49. Suppose -367 + l = -4*c. Suppose -2*m - 4*r + 3*r + 46 = 0, 0 = -4*m + r + 86. What is the remainder when c is divided by m?
17
Suppose 19*l + 962 = 1494. What is the remainder when l is divided by (-2)/3 + (-141)/(-9)?
13
What is the remainder when (-18722)/(-24) + (-175)/2100 is divided by 154?
10
Suppose -2*u + 10 = 5*j, 5*j = 3*u - 16 - 49. Calculate the remainder when u/((13/(-52))/((-6)/8)) is divided by 21.
3
Suppose 726 + 170 = 8*u. Calculate the remainder when u is divided by 2/4 + 5*(-75)/(-10).
36
Suppose 7*r + 348 = -415. Let y = -106 - r. Suppose -m + 8 = -6. What is the remainder when m is divided by y?
2
Let r(a) = a**2 + 5*a - 11. Let f be r(5). Let z = f - 36. Let n = -2 + 25. Calculate the remainder when n is divided by z.
2
Suppose -136*g + 125*g = -240801. What is the remainder when g is divided by 68?
63
Suppose 0 = -b - 4, 9*b = 3*a + 8*b - 541. What is the remainder when a is divided by 90?
89
Let g(w) = 19*w. Let d be g(0). Suppose d = 2*t - 13*t + 385. Let a = -9 - -15. Calculate the remainder when t is divided by a.
5
Let u(t) be the third derivative of 23*t**2 + 0 + 67/6*t**3 + 0*t + 1/60*t**5 + 7/12*t**4. Calculate the remainder when 169 is divided by u(-6).
17
Let h = -18 + 20. Suppose h*x + 5*d = 50, -45 = -3*x + 2*d + 11. What is the remainder when 78 is divided by x?
18
Let i = -1445 - -1441. Let g(s) = -2*s + 2*s**2 + 5*s + 0 - s**3 + 8. Calculate the remainder when g(i) is divided by 24.
20
Let f = -2065 + 2101. What is the remainder when 209 is divided by f?
29
Suppose 4*d + 64*n = 63*n + 23, 5*d = 9*n + 80. What is the remainder when 423 is divided by d?
3
Let o = 386 + -345. Suppose o = 2*d + 5*l, 2*l = -3*d + 3*l + 104. What is the remainder when 526 is divided by d?
31
Let p be (170/5 - -1) + -4 + 4. Suppose -x + p = 4*x. Calculate the remainder when x is divided by 3.
1
Suppose -18*t + 150 = 12*t. Suppose 4*x + 512 = 4*u, -u + 5*x + 137 = t. Calculate the remainder when u is divided by 36.
19
Suppose -2*y + 27 = -5*g - 63, -5*y - g + 171 = 0. Let r be 0 - (2 + 0)/(-1). Suppose 41 + y = r*f. Calculate the remainder when f is divided by 13.
12
Let o = 5756 - 5625. What is the remainder when 3925 is divided by o?
126
Suppose 3*t + 6*t - 72 = 0. Suppose -3*c + 4*p + 37 = 0, -36 + t = -2*c + p. Calculate the remainder when c is divided by 13.
2
Let a(n) = n**3 + 8*n**2 + 4. Let z be a(-8). Suppose 68 = -z*u + 328. What is the remainder when u is divided by 27?
11
Suppose 5*z = -2*c - c + 3, 3*z = -2*c + 2. Suppose z = l + 30. Calculate the remainder when 46 is divided by ((-84)/(-63))/((-4)/l).
6
Suppose -3386*t + 3168 = -3377*t. Calculate the remainder when t is divided by 91.
79
What is the remainder when 493 is divided by 33/231 - 4110/(-42)?
3
Let i = 15897 - 11864. What is the remainder when i is divided by 4?
1
Calculate the remainder when (-56608)/(-224) - (-2)/(-14)*-2 is divided by 222.
31
Let j(k) = -132*k + 12. What is the remainder when 725 is divided by j(-1)?
5
Suppose 6 = -2*i, 5*n - 13 = 3*i - 4. Suppose n*c - 9 = -c. Let w = -9708 + 9734. Calculate the remainder when w is divided by c.
8
Suppose -6 - 6 = 3*x, 3*x + 24 = 4*s. Suppose -4*l - 1 = 4*a + s, -5*a + l = -25. Let b = 21 + -18. What is the remainder when a is divided by b?
1
Calculate the remainder when 25 is divided by ((-5)/(-10))/(10/400).
5
Let a = 138208 + -138112. Suppose 3*k = 2*k - 2. Calculate the remainder when a is divided by 5/(5/k) - -13.
8
Suppose 4*u - 7430 = -x, -41*x + 3*u = -37*x - 29796. Calculate the remainder when x is divided by 196.
194
Let x(w) = -34*w**2 + 1297*w - 123. Calculate the remainder when 1204 is divided by x(38).
65
Suppose -38 - 310 = 3*o. Let g = o - -198. Suppose -19*h + 18*h + g = 0. Calculate the remainder when h is divided by 43.
39
What is the remainder when 2406 is divided by (-3 + 2)/(68/(-748))?
8
Let u(k) = k**3 + 24*k**2 - 31*k - 51. Suppose 3*s - 21*s = -180. What is the remainder when u(-25) is divided by s?
9
Let l = 54 - 52. Suppose 2*q = l - 34. Let i(z) = z**2 + 13*z - 28. What is the remainder when 58 is divided by i(q)?
18
Suppose w + 17*w = -14*w + 48448. Calculate the remainder when w is divided by 47.
10
Let o(v) = v**2 + v + 7. Let u be o(-4). Suppose 5*k - 481 = u. Let q = -1418 - -1452. Calculate the remainder when k is divided by q.
32
Suppose -5*a + 37 = 4*v, 3*a - 36*v = -32*v + 67. What is the remainder when 214/6 - (-2)/6 is divided by a?
10
Suppose 76 = 5*y + 1. What is the remainder when 2320 is divided by y?
10
Calculate the remainder when 251 is divided by 1 + (5 - (-10 - 56)).
35
Suppose 3*u - 5*u + 50 = 5*k, 2*k - 49 = 5*u. Suppose 851*b = f + 852*b - 3, -5*b - 30 = 0. What is the remainder when k is divided by f?
3
Let z be (18/(-10))/(156/(-780)). Suppose i - 2*i = 22. What is the remainder when 33/i*((-1392)/z)/4 is divided by 21?
16
What is the remainder when 6737 - 0 - (-9 - -23) is divided by 164?
163
Suppose 5690 = -17*z + 14054. What is the remainder when z is divided by 217?
58
Let d = -12884 - -13254. What is the remainder when d is divided by 176?
18
Suppose 172 + 18 = 2*k. Suppose 2*a = 2*v - 52, -v + 5*v - k = a. Calculate the remainder when v is divided by 6.
5
Suppose 941 = 8*u - 3435. What is the remainder when u is divided by 250?
47
Suppose -3*v + 101 = 2*z - 5, -3*v + 100 = 8*z. Suppose -2*p + 7*p = 1770. Calculate the remainder when p is divided by v.
30
Suppose -23*p + 192 = -17*p. Let v(l) = 2*l**3 - 5*l**2 - 6*l + 10. Let j be v(4). Let w = -23 + j. What is the remainder when p is divided by w?
10
Suppose 0 = x + 3*n - 2, 7 = -3*x - 5*n + 5. Let w(b) = -2*b**3 - 8*b**2 - 6*b - 1. What is the remainder when 136 is divided by w(x)?
21
Suppose -m - 1 = -4. Let a(o) = o - 4*o - 4*o - m*o - 33. Calculate the remainder when a(-9) is divided by 21.
15
Let j be ((-4)/10)/(-3 - (-498)/165). Let z = 27 + j. Suppose z*w = 4*a - 204, a - 51 = 5*w - w. Calculate the remainder when a is divided by 18.
15
Suppose 0 = -27*w - 6*w + 2904. Let d = 32 + 13. Calculate the remainder when w is divided by d.
43
Let s be ((-140)/(-175))/(4/310). Let y = s + -60. Calculate the remainder when 46/6 + 4/(-6) is divided by y.
1
Suppose -51*q + 2218 = y - 52*q, -11122 = -5*y - 3*q. What is the remainder when y is divided by 17?
12
Let f(x) = 115*x**2 - 4*x + 1. What is the remainder when f(-2) is divided by 98?
77
Let u(j) = -135*j. Let w(y) = -8*y**2 - 34*y - 7. Let s be w(-4). Suppose 16 = x - s. Calculate the remainder when u(-1) is divided by x.
16
Suppose -2500 = -5*w + 5*c, -w + 36*c - 41*c = -494. 